n base 4, what is 10 + -23213?
-23203
In base 10, what is 431 + 113?
544
In base 10, what is -682 - -10?
-672
In base 15, what is 3 - 4136?
-4133
In base 6, what is 230541 - 0?
230541
In base 8, what is 7404 + 1665?
11271
In base 9, what is -1223436 - -3?
-1223433
In base 8, what is 237 - 12363?
-12124
In base 12, what is -683 - -b76?
4b3
In base 14, what is 3 + 3934?
3937
In base 13, what is -5b - b10?
-b6b
In base 12, what is b - b378?
-b369
In base 14, what is -1293 + -85?
-1338
In base 9, what is 75320 + 1?
75321
In base 2, what is -100001100 - 10100100110110?
-10101001000010
In base 11, what is -6 - -74?
69
In base 15, what is -44 + 1881?
183c
In base 3, what is 200000 - -221020?
1121020
In base 13, what is -1803 + -35?
-1838
In base 14, what is 1a18 + -120?
18d8
In base 13, what is -20130 + -5?
-20135
In base 5, what is 131144231 + -1?
131144230
In base 11, what is 23 + -26915?
-268a2
In base 13, what is -4 - -2?
-2
In base 11, what is -17298 + 4?
-17294
In base 5, what is 142303 - 12?
142241
In base 10, what is -1 + -193?
-194
In base 3, what is -120012111 + -22?
-120012210
In base 10, what is 3324 + -59?
3265
In base 6, what is -2135151 - -21?
-2135130
In base 16, what is -d0b96 + -5?
-d0b9b
In base 7, what is 10254441 + 3?
10254444
In base 16, what is c1d12 - -3?
c1d15
In base 5, what is -3111 + 32?
-3024
In base 11, what is -53 - 13600?
-13653
In base 12, what is 4b909 - -1?
4b90a
In base 6, what is -14 + -13444?
-13502
In base 15, what is 1099 + 282?
132b
In base 4, what is -20312 + 13?
-20233
In base 14, what is b69a9 - -4?
b69ad
In base 5, what is 40410 + -12?
40343
In base 11, what is -10 + 13a72?
13a62
In base 10, what is 4817 + -7?
4810
In base 8, what is 272006 - -4?
272012
In base 14, what is -c22 - 18?
-c3a
In base 11, what is 8 - 435?
-428
In base 6, what is -141114 + 43?
-141031
In base 16, what is 8 - -d9a?
da2
In base 15, what is -146 + b43?
9ec
In base 11, what is aa885 + -2?
aa883
In base 9, what is -55 + -17728?
-17784
In base 9, what is -23 + -144805?
-144828
In base 6, what is -131 - -24131?
24000
In base 5, what is 3243 + 10?
3303
In base 9, what is 3147141 + 1?
3147142
In base 14, what is -c632 - -5?
-c62b
In base 4, what is -223031101 - -10?
-223031031
In base 6, what is -2215 + 1422?
-353
In base 15, what is -4d + -23db?
-2439
In base 15, what is -2205c9 - -2?
-2205c7
In base 13, what is -568c4 - 0?
-568c4
In base 13, what is -6359 + 5?
-6354
In base 4, what is -1 + 1103013?
1103012
In base 4, what is 0 - 21120120?
-21120120
In base 10, what is -706 - 419?
-1125
In base 9, what is 131276 - 3?
131273
In base 13, what is -325 + -537c?
-56a4
In base 12, what is 3209 - 170?
3059
In base 8, what is 2640 + 32?
2672
In base 10, what is -2 - -640229?
640227
In base 4, what is 1221 + 1223112?
1230333
In base 15, what is 1 - a50d?
-a50c
In base 6, what is 102125 + 33?
102202
In base 5, what is 143123 + -100?
143023
In base 5, what is -3303 - 1111?
-4414
In base 14, what is 3d2 - -94?
486
In base 11, what is 30 + 340a3?
34123
In base 2, what is 10111100 - 1100010?
1011010
In base 10, what is 38508 + -44?
38464
In base 16, what is -2c - -95?
69
In base 3, what is -10122022 + 10?
-10122012
In base 8, what is -6016 + -64?
-6102
In base 3, what is 222121202 - 1022?
222120110
In base 7, what is 14 - -25426?
25443
In base 5, what is -201144 - 33?
-201232
In base 2, what is 110110011011010 + -101?
110110011010101
In base 11, what is -6a - -2560?
24a1
In base 11, what is 4252 - 57?
41a6
In base 9, what is 2085 - 100?
1885
In base 3, what is 10210202 - -10?
10210212
In base 7, what is 34562 - 11?
34551
In base 9, what is 0 + 21213?
21213
In base 6, what is 3412355 - 1?
3412354
In base 3, what is -12222 + -212210100?
-220000022
In base 12, what is 5 - 2754b?
-27546
In base 11, what is -4492a + -2?
-44931
In base 2, what is 100 - -110010111011000010110?
110010111011000011010
In base 3, what is -22111000 - 1012?
-22112012
In base 8, what is 14403433 + -2?
14403431
In base 16, what is 52 + -67?
-15
In base 14, what is -455 + a22?
5ab
In base 10, what is 465 - 37?
428
In base 3, what is -112202200101 + 11?
-112202200020
In base 11, what is 2 + 13098?
1309a
In base 15, what is 0 - 3054?
-3054
In base 16, what is 86 - -259?
2df
In base 2, what is 11000000 - 110100001001101?
-110011110001101
In base 4, what is 23 - 13212131?
-13212102
In base 2, what is -110110010 - 11010?
-111001100
In base 9, what is -1042 + 88?
-843
In base 3, what is 2111101 + -22?
2111002
In base 7, what is -2000055 - 5?
-2000063
In base 15, what is -4 + 2e536?
2e532
In base 3, what is 220 + 102002?
102222
In base 11, what is 144 - -97?
230
In base 11, what is 7329 - -1?
732a
In base 16, what is -5 - 2c0f?
-2c14
In base 13, what is b02a9 - -2?
b02ab
In base 8, what is -14725 + -3?
-14730
In base 4, what is 10211 + -12101?
-1230
In base 7, what is -2106445 + -2?
-2106450
In base 7, what is -23416 - 4?
-23423
In base 13, what is 15c2c0 + 2?
15c2c2
In base 8, what is -11031 - -151?
-10660
In base 5, what is -131 - -4121333?
4121202
In base 8, what is -7261571 - 3?
-7261574
In base 15, what is 632 - -255?
887
In base 7, what is 1 + 21523?
21524
In base 7, what is 113200 - -23?
113223
In base 14, what is -9 + -2110?
-2119
In base 7, what is 26205 + 1025?
30233
In base 14, what is 0 + 23b149?
23b149
In base 2, what is 10000110100110 + -1101111?
10000100110111
In base 11, what is 0 - 18852?
-18852
In base 12, what is 14756 - 6?
14750
In base 5, what is -2 - 332340011?
-332340013
In base 3, what is -11 + -100120122101?
-100120122112
In base 14, what is -c - 2608?
-2616
In base 4, what is 10 - -323?
333
In base 6, what is 2 + 343011?
343013
In base 6, what is 201 + 4404?
5005
In base 5, what is 32 - -342232?
342314
In base 12, what is 2578a1 + 5?
2578a6
In base 4, what is -1213 - 10111?
-11330
In base 4, what is 3 + 101013311?
101013320
In base 9, what is 231 - -227?
458
In base 10, what is -10 - 825?
-835
In base 12, what is -1 - a3b55?
-a3b56
In base 16, what is 6e1 + -31?
6b0
In base 14, what is 3 - 8648?
-8645
In base 4, what is -12212021 + 132?
-12211223
In base 13, what is -50877 + -2?
-50879
In base 4, what is 12 + -300312?
-300300
In base 3, what is 111 + -10120000?
-10112112
In base 12, what is 2520 - 4?
2518
In base 4, what is -20222 + 121?
-20101
In base 8, what is -212 + -364?
-576
In base 9, what is 401 + -1856?
-1455
In base 11, what is 2 + -7591?
-758a
In base 3, what is -2001011 + 12212?
-1211022
In base 4, what is 2020 - 3133132?
-3131112
In base 4, what is 21 - 2000311?
-2000230
In base 6, what is 35 + 25344?
25423
In base 9, what is -10262 + -1?
-10263
In base 6, what is -22 - -15340?
15314
In base 9, what is -148 - -817?
658
In base 6, what is 115125 + -3?
115122
In base 12, what is -764 - 13?
-777
In base 13, what is -418 - -a5?
-343
In base 8, what is -56 - 5247?
-5325
In base 11, what is 1 + 79a63?
79a64
In base 16, what is 3 - -11085?
11088
In base 7, what is 612625 - 1?
612624
In base 8, what is 3 - 61504?
-61501
In base 3, what is -101021011010 + -12?
-101021011022
In base 3, what is 211 + 20111?
21022
In base 5, what is 43 - 2140?
-2042
In base 3, what is -221 + -1210101?
-1211022
In base 8, what is 145317 - -32?
145351
In base 14, what is 1a - 2dc75?
-2dc59
In base 10, what is -3 - -606509?
606506
In base 16, what is -23486 + -5?
-2348b
In base 4, what is -102223032 + 100?
-102222332
In base 5, what is -132233404 - -3?
-132233401
In base 4, what is -1020 + -12232?
-13312
In base 16, what is -d + 120?
113
In base 13, what is -1b8031 + 2?
-1b802c
In base 8, what is -51140 + -5?
-51145
In base 3, what is 22112 - 12000020?
-11200201
In base 10, what is 131 - 11478?
-11347
In base 11, what is 385a + 16?
3875
In base 12, what is 49 + -4a20?
-4993
In base 7, what is 102244 - 204?
102040
In base 11, what is 12 - 9236?
-9224
In base 4, what is -1 - 210113302?
-210113303
In base 11, what is 443a35 + -4?
443a31
In base 14, what is -4da - -1d?
-4bb
In base 14, what is 2 - 4229c?
-4229a
In base 6, what is 14 + -21101?
-21043
In base 9, what is -663 - -107?
-555
In base 2, what is 101 + -1110010111110010010?
-1110010111110001101
In base 15, what is -8d + 1789?
16eb
In base 11, what is 1839 + 184?
1a12
In base 7, what is 62 - 260044?
-256652
In base 16, what 